n 404 is divided by 241?
163
What is the remainder when 212 is divided by 75?
62
Calculate the remainder when 119 is divided by 5.
4
What is the remainder when 3820 is divided by 34?
12
What is the remainder when 1978 is divided by 46?
0
Calculate the remainder when 1773 is divided by 111.
108
Calculate the remainder when 99 is divided by 16.
3
Calculate the remainder when 386 is divided by 9.
8
What is the remainder when 119 is divided by 116?
3
What is the remainder when 50 is divided by 10?
0
Calculate the remainder when 1431 is divided by 695.
41
What is the remainder when 304 is divided by 14?
10
What is the remainder when 27 is divided by 16?
11
What is the remainder when 1749 is divided by 5?
4
Calculate the remainder when 11385 is divided by 73.
70
Calculate the remainder when 1087 is divided by 99.
97
Calculate the remainder when 171 is divided by 35.
31
What is the remainder when 1697 is divided by 30?
17
Calculate the remainder when 19132 is divided by 299.
295
What is the remainder when 49862 is divided by 184?
182
Calculate the remainder when 609 is divided by 28.
21
What is the remainder when 463 is divided by 3?
1
What is the remainder when 242 is divided by 27?
26
Calculate the remainder when 1141 is divided by 44.
41
Calculate the remainder when 3847 is divided by 24.
7
Calculate the remainder when 119 is divided by 43.
33
Calculate the remainder when 1952 is divided by 44.
16
Calculate the remainder when 718 is divided by 392.
326
Calculate the remainder when 152 is divided by 49.
5
Calculate the remainder when 80 is divided by 30.
20
Calculate the remainder when 957 is divided by 15.
12
Calculate the remainder when 201 is divided by 49.
5
Calculate the remainder when 1128 is divided by 21.
15
Calculate the remainder when 223 is divided by 117.
106
What is the remainder when 4604 is divided by 14?
12
Calculate the remainder when 227 is divided by 87.
53
What is the remainder when 90 is divided by 52?
38
What is the remainder when 23490 is divided by 11743?
4
Calculate the remainder when 42 is divided by 26.
16
What is the remainder when 684 is divided by 77?
68
Calculate the remainder when 727 is divided by 104.
103
Calculate the remainder when 59 is divided by 11.
4
Calculate the remainder when 272 is divided by 4.
0
Calculate the remainder when 235 is divided by 66.
37
What is the remainder when 9417 is divided by 27?
21
What is the remainder when 1550 is divided by 384?
14
What is the remainder when 385 is divided by 266?
119
What is the remainder when 238 is divided by 86?
66
Calculate the remainder when 144 is divided by 43.
15
What is the remainder when 268 is divided by 8?
4
Calculate the remainder when 2155 is divided by 533.
23
Calculate the remainder when 1052 is divided by 97.
82
What is the remainder when 477 is divided by 47?
7
Calculate the remainder when 248 is divided by 120.
8
What is the remainder when 2064 is divided by 35?
34
What is the remainder when 82 is divided by 13?
4
Calculate the remainder when 119 is divided by 23.
4
Calculate the remainder when 304 is divided by 5.
4
Calculate the remainder when 23 is divided by 4.
3
What is the remainder when 290 is divided by 20?
10
What is the remainder when 202 is divided by 18?
4
What is the remainder when 285 is divided by 20?
5
Calculate the remainder when 739 is divided by 19.
17
What is the remainder when 389 is divided by 152?
85
Calculate the remainder when 32 is divided by 9.
5
Calculate the remainder when 338 is divided by 49.
44
What is the remainder when 1189 is divided by 35?
34
What is the remainder when 1309 is divided by 10?
9
Calculate the remainder when 79 is divided by 36.
7
Calculate the remainder when 659 is divided by 13.
9
Calculate the remainder when 1087 is divided by 121.
119
What is the remainder when 189 is divided by 164?
25
Calculate the remainder when 246 is divided by 50.
46
Calculate the remainder when 106 is divided by 29.
19
Calculate the remainder when 1012 is divided by 91.
11
Calculate the remainder when 36 is divided by 5.
1
What is the remainder when 2202 is divided by 385?
277
What is the remainder when 2407 is divided by 10?
7
Calculate the remainder when 32 is divided by 21.
11
Calculate the remainder when 833 is divided by 144.
113
Calculate the remainder when 246 is divided by 85.
76
Calculate the remainder when 471 is divided by 79.
76
What is the remainder when 23 is divided by 9?
5
Calculate the remainder when 51 is divided by 15.
6
What is the remainder when 32191 is divided by 17?
10
Calculate the remainder when 2138 is divided by 112.
10
Calculate the remainder when 160 is divided by 6.
4
Calculate the remainder when 1273 is divided by 143.
129
What is the remainder when 16187 is divided by 5?
2
Calculate the remainder when 948 is divided by 131.
31
Calculate the remainder when 531 is divided by 76.
75
What is the remainder when 62 is divided by 7?
6
Calculate the remainder when 709 is divided by 9.
7
What is the remainder when 664 is divided by 111?
109
Calculate the remainder when 391 is divided by 142.
107
What is the remainder when 322 is divided by 36?
34
Calculate the remainder when 56 is divided by 17.
5
Calculate the remainder when 357 is divided by 72.
69
What is the remainder when 609 is divided by 61?
60
What is the remainder when 180 is divided by 10?
0
What is the remainder when 7370 is divided by 73?
70
Calculate the remainder when 3475 is divided by 94.
91
Calculate the remainder when 191 is divided by 21.
2
Calculate the remainder when 88 is divided by 7.
4
What is the remainder when 582 is divided by 11?
10
What is the remainder when 3911 is divided by 356?
351
Calculate the remainder when 50 is divided by 27.
23
What is the remainder when 30 is divided by 2?
0
What is the remainder when 255 is divided by 7?
3
Calculate the remainder when 1635 is divided by 18.
15
What is the remainder when 17781 is divided by 34?
33
Calculate the remainder when 449 is divided by 168.
113
Calculate the remainder when 104 is divided by 48.
8
Calculate the remainder when 133 is divided by 15.
13
Calculate the remainder when 458 is divided by 455.
3
Calculate the remainder when 109 is divided by 29.
22
What is the remainder when 1083 is divided by 184?
163
What is the remainder when 3869 is divided by 16?
13
What is the remainder when 105 is divided by 53?
52
What is the remainder when 86 is divided by 18?
14
Calculate the remainder when 382 is divided by 66.
52
What is the remainder when 161 is divided by 93?
68
Calculate the remainder when 70 is divided by 35.
0
Calculate the remainder when 776 is divided by 253.
17
Calculate the remainder when 669 is divided by 59.
20
What is the remainder when 20 is divided by 5?
0
Calculate the remainder when 194 is divided by 33.
29
Calculate the remainder when 1227 is divided by 246.
243
What is the remainder when 88 is divided by 79?
9
Calculate the remainder when 1085 is divided by 32.
29
Calculate the remainder when 1213 is divided by 38.
35
What is the remainder when 86 is divided by 32?
22
Calculate the remainder when 1557 is divided by 19.
18
Calculate the remainder when 3596 is divided by 1198.
2
What is the remainder when 898 is divided by 21?
16
What is the remainder when 218 is divided by 33?
20
Calculate the remainder when 423 is divided by 150.
123
What is the remainder when 347 is divided by 67?
12
Calculate the remainder when 894 is divided by 109.
22
Calculate the remainder when 696 is divided by 30.
6
What is the remainder when 377 is divided by 47?
1
Calculate the remainder when 3665 is divided by 193.
191
Calculate the remainder when 558 is divided by 2.
0
Calculate the remainder when 117 is divided by 20.
17
What is the remainder when 96 is divided by 11?
8
What is the remainder when 779 is divided by 39?
38
What is the remainder when 11115 is divided by 102?
99
What is the remainder when 3900 is divided by 11?
6
Calculate the remainder when 9716 is divided by 180.
176
What is the remainder when 979 is divided by 144?
115
What is the remainder when 2088 is divided by 95?
93
What is the remainder when 970 is divided by 64?
10
What is the remainder when 364 is divided by 182?
0
What is the remainder when 446 is divided by 25?
21
Calculate the remaind